isor of 294131293 and 7133.
1019
Calculate the highest common factor of 86715235 and 47.
47
Calculate the highest common factor of 1622 and 501091759.
811
What is the highest common factor of 46822692 and 2380?
476
Calculate the highest common factor of 3410724 and 324.
12
Calculate the greatest common factor of 238663035 and 11115.
585
Calculate the greatest common divisor of 31372770 and 44.
22
Calculate the greatest common divisor of 41270800 and 72.
8
What is the highest common divisor of 1073990350 and 4495?
4495
Calculate the highest common divisor of 8645 and 1498315.
455
Calculate the greatest common factor of 128544 and 39000.
312
Calculate the greatest common divisor of 935330 and 154880.
1210
What is the greatest common divisor of 76837761 and 325?
13
What is the highest common factor of 124880 and 118170?
10
Calculate the greatest common factor of 182 and 6309856.
14
What is the highest common divisor of 3196 and 48965117?
799
Calculate the highest common divisor of 1140 and 142515390.
570
Calculate the highest common divisor of 4998 and 22950.
102
Calculate the highest common factor of 130 and 21891675.
65
What is the highest common divisor of 110768944 and 429?
143
Calculate the highest common factor of 237303 and 922046.
799
What is the highest common factor of 1792321 and 74266?
523
Calculate the highest common divisor of 1197979997 and 569.
569
What is the highest common divisor of 34347 and 1806267?
321
Calculate the highest common factor of 8 and 5658168.
8
What is the highest common divisor of 5913 and 14527?
73
What is the highest common factor of 257255 and 27485?
115
Calculate the highest common factor of 87038389 and 8.
1
What is the highest common factor of 33919029 and 1411?
1411
Calculate the highest common divisor of 75086 and 31089017.
3413
What is the greatest common factor of 1175 and 91505?
5
Calculate the greatest common factor of 10188765 and 108363.
2643
Calculate the greatest common factor of 1 and 31119889.
1
Calculate the highest common divisor of 51625881 and 2286.
1143
What is the highest common factor of 8516 and 414073468?
8516
Calculate the highest common divisor of 444 and 5317936.
148
Calculate the highest common divisor of 40026 and 188664.
42
Calculate the highest common factor of 12747956 and 164655.
3659
What is the greatest common factor of 1492 and 238939697?
373
What is the greatest common factor of 10088 and 56485?
13
What is the greatest common divisor of 3235792 and 1670?
334
What is the greatest common factor of 49 and 102095567?
49
What is the greatest common factor of 6256 and 4675816?
136
What is the greatest common factor of 7526770 and 52130?
4010
What is the highest common factor of 204080 and 441323?
2551
What is the highest common divisor of 92587 and 6574?
19
Calculate the highest common factor of 455 and 198415.
35
Calculate the greatest common factor of 11814603 and 35871.
3261
What is the highest common divisor of 45803 and 30155?
163
What is the highest common factor of 130228065 and 18?
9
What is the highest common factor of 565 and 6417835?
565
Calculate the greatest common divisor of 28899 and 47697.
39
Calculate the highest common factor of 5267 and 4926248.
229
What is the highest common factor of 11926 and 12816?
178
Calculate the highest common divisor of 12447060 and 765.
255
What is the highest common divisor of 10439 and 2435134?
949
Calculate the greatest common factor of 93360 and 82000.
80
What is the greatest common factor of 817425 and 61415?
865
What is the highest common factor of 1992 and 42490824?
24
Calculate the highest common divisor of 10503 and 189648.
27
What is the greatest common factor of 3484 and 4532?
4
Calculate the greatest common divisor of 17017 and 2572661.
1547
Calculate the highest common factor of 21580 and 4966.
26
What is the greatest common divisor of 379 and 121983424?
379
What is the highest common divisor of 64 and 1060814816?
32
What is the highest common factor of 2359 and 437409?
7
What is the highest common factor of 12366 and 877528?
458
What is the greatest common divisor of 118 and 75165646?
118
What is the greatest common divisor of 999 and 8135893?
37
Calculate the greatest common divisor of 3307905 and 297.
27
What is the highest common divisor of 14470 and 1221268?
2894
What is the highest common factor of 218241 and 519613?
59
Calculate the greatest common divisor of 31931332 and 1308.
436
Calculate the greatest common divisor of 7275 and 54141.
3
Calculate the highest common factor of 151632 and 2860272.
1296
Calculate the greatest common divisor of 8881584 and 9840.
1968
What is the greatest common divisor of 16875 and 12933?
27
Calculate the greatest common factor of 1140471 and 18.
9
What is the greatest common divisor of 359520 and 134400?
3360
What is the greatest common factor of 154 and 295994237?
77
What is the highest common factor of 748460 and 612?
4
Calculate the greatest common divisor of 5825570 and 15065.
655
What is the highest common divisor of 92674875 and 285?
285
What is the greatest common factor of 55 and 35181850?
55
What is the highest common divisor of 609 and 10668984?
87
What is the highest common factor of 75197032 and 107?
107
Calculate the greatest common divisor of 1490082 and 1770208.
2354
What is the highest common divisor of 55665 and 628470?
45
Calculate the highest common factor of 102386214 and 417928.
6146
What is the greatest common factor of 17604 and 1286396?
652
Calculate the highest common factor of 348 and 5533287.
87
What is the highest common factor of 13179875 and 675?
25
What is the greatest common divisor of 1579213927 and 326?
163
What is the greatest common factor of 4398158 and 38?
38
Calculate the greatest common divisor of 22704 and 1814256.
2064
Calculate the highest common factor of 337694 and 1890.
14
What is the greatest common factor of 14406176 and 352?
32
What is the highest common divisor of 207168 and 45168?
48
Calculate the highest common divisor of 116355474 and 72.
18
Calculate the greatest common factor of 106262772 and 6468.
6468
Calculate the highest common factor of 1002236 and 109127.
71
Calculate the highest common divisor of 28205150 and 575.
25
What is the highest common factor of 7117 and 103521?
11
What is the highest common factor of 82672523 and 41?
41
Calculate the highest common divisor of 18312 and 446712.
168
What is the greatest common divisor of 3897796 and 50932?
2996
Calculate the greatest common divisor of 55862 and 8818087.
901
Calculate the highest common divisor of 639807 and 714.
21
What is the greatest common factor of 42365842 and 1098?
122
Calculate the highest common divisor of 510274686 and 51.
51
Calculate the greatest common divisor of 8 and 414152792.
8
What is the greatest common divisor of 3263950 and 9425?
725
What is the greatest common factor of 442503 and 2835?
81
What is the highest common divisor of 978659790 and 152?
38
Calculate the highest common factor of 3296 and 165632.
32
Calculate the greatest common factor of 58918563 and 42552.
5319
What is the highest common factor of 356283 and 31375890?
11493
What is the greatest common divisor of 542720 and 5459?
53
Calculate the greatest common divisor of 2348 and 858286746.
1174
What is the greatest common factor of 35064 and 23847416?
3896
What is the highest common factor of 149080 and 26970?
10
What is the greatest common divisor of 2810865 and 165?
15
What is the highest common factor of 1672 and 6099038?
418
What is the greatest common factor of 45 and 9896706?
9
Calculate the greatest common factor of 494862 and 37866.
6
Calculate the highest common divisor of 288 and 221888.
32
What is the highest common factor of 7659 and 24047299?
37
Calculate the highest common factor of 673071 and 1365.
21
Calculate the highest common factor of 600093 and 17667.
117
Calculate the greatest common divisor of 25753260 and 312.
156
What is the greatest common factor of 106800 and 2686020?
5340
What is the highest common factor of 13968306 and 4788?
342
What is the highest common divisor of 120768 and 62560?
544
What is the greatest common factor of 68 and 317532698?
34
Calculate the highest common factor of 8823824 and 144.
16
What is the highest common factor of 1120186